 prime factors of 747372474?
2, 3, 47, 389, 757
What are the prime factors of 1709749792?
2, 53429681
List the prime factors of 95995202.
2, 1889, 25409
What are the prime factors of 44019266?
2, 22009633
What are the prime factors of 86772841?
3797, 22853
What are the prime factors of 605428515?
3, 5, 13453967
What are the prime factors of 115332299?
19, 6070121
List the prime factors of 1604432980.
2, 5, 61, 131, 10039
What are the prime factors of 4432802460?
2, 3, 5, 991, 74551
What are the prime factors of 775420780?
2, 5, 19, 211, 509
What are the prime factors of 258930768?
2, 3, 5394391
List the prime factors of 84365349.
3, 2383, 11801
What are the prime factors of 202155839?
19, 29, 366889
What are the prime factors of 38709070?
2, 5, 569, 6803
What are the prime factors of 1643017651?
11, 149365241
What are the prime factors of 2254215?
3, 5, 67, 2243
What are the prime factors of 827168924?
2, 2381, 86851
What are the prime factors of 35793370?
2, 5, 1259, 2843
What are the prime factors of 112626782?
2, 31, 1129, 1609
List the prime factors of 125271754.
2, 23, 53, 51383
List the prime factors of 11140954.
2, 11, 19, 2423
What are the prime factors of 69175725?
3, 5, 31, 29753
What are the prime factors of 3302126836?
2, 23, 3271, 10973
List the prime factors of 2905429817.
61, 1117, 42641
List the prime factors of 7435984.
2, 464749
What are the prime factors of 45530365?
5, 19, 479267
What are the prime factors of 77856926?
2, 7, 5561209
List the prime factors of 5961502.
2, 317, 9403
List the prime factors of 1366382405.
5, 43, 1759, 3613
What are the prime factors of 22220477?
257, 86461
List the prime factors of 1494249031.
11, 71, 1913251
List the prime factors of 42934427.
42934427
What are the prime factors of 1826864678?
2, 913432339
What are the prime factors of 3373440998?
2, 131, 409, 31481
List the prime factors of 1131363329.
12739, 88811
What are the prime factors of 2199341738?
2, 11, 75109
List the prime factors of 171844309.
7, 13, 1888399
List the prime factors of 4099438005.
3, 5, 13, 19, 23, 73, 659
What are the prime factors of 293098031?
491, 596941
List the prime factors of 331066171.
433, 764587
What are the prime factors of 7140215393?
67, 809, 131731
What are the prime factors of 2440716534?
2, 3, 79, 1716397
List the prime factors of 74931815.
5, 7, 23, 93083
List the prime factors of 439113632.
2, 37, 370873
What are the prime factors of 84316426?
2, 227, 229, 811
List the prime factors of 122971002.
2, 3, 7, 11, 19, 14009
List the prime factors of 38829039.
3, 2503, 5171
List the prime factors of 854240422.
2, 7, 577, 15107
What are the prime factors of 7738689?
3, 7, 17, 53, 409
What are the prime factors of 24578398?
2, 13, 23, 1787
List the prime factors of 3346647428.
2, 151, 5540807
List the prime factors of 59635762.
2, 17, 47, 67, 557
List the prime factors of 43402434.
2, 3, 7233739
List the prime factors of 168956499.
3, 71, 191, 4153
List the prime factors of 1298843659.
61, 21292519
What are the prime factors of 17727590?
2, 5, 1772759
What are the prime factors of 795831338?
2, 397915669
List the prime factors of 66744133.
101, 660833
What are the prime factors of 85209370?
2, 5, 179, 181, 263
List the prime factors of 2432076477.
3, 810692159
What are the prime factors of 10158652?
2, 7, 41, 8849
List the prime factors of 2583332551.
41, 349, 180539
List the prime factors of 65944024.
2, 523, 15761
List the prime factors of 144986519.
8293, 17483
List the prime factors of 1245025635.
3, 5, 7, 19, 659, 947
What are the prime factors of 43654674?
2, 3, 7, 17, 61141
What are the prime factors of 285173258?
2, 142586629
What are the prime factors of 120803916?
2, 3, 59, 170627
What are the prime factors of 474142126?
2, 237071063
What are the prime factors of 575293358?
2, 29, 9918851
List the prime factors of 417942380.
2, 5, 37, 191, 2957
What are the prime factors of 1628492873?
7, 389, 598051
List the prime factors of 539982348.
2, 3, 107, 193, 2179
List the prime factors of 92043499.
277, 332287
What are the prime factors of 13701260?
2, 5, 685063
List the prime factors of 21777335.
5, 4355467
List the prime factors of 6306535.
5, 977, 1291
What are the prime factors of 3070264?
2, 223, 1721
What are the prime factors of 2141824?
2, 29, 577
What are the prime factors of 344421773?
344421773
What are the prime factors of 111887578?
2, 11, 1163, 4373
List the prime factors of 2118972698.
2, 31, 89, 137, 2803
What are the prime factors of 12669177?
3, 937, 4507
List the prime factors of 750816007.
750816007
List the prime factors of 11130277.
11130277
What are the prime factors of 32335716?
2, 3, 7, 41, 229
What are the prime factors of 78777269?
17, 71, 65267
List the prime factors of 1157860338.
2, 3, 9587, 20129
List the prime factors of 87515640.
2, 3, 5, 27011
What are the prime factors of 79968091?
7, 11424013
List the prime factors of 2762299.
1283, 2153
What are the prime factors of 2361557111?
61, 1279, 30269
List the prime factors of 185167824.
2, 3, 3857663
What are the prime factors of 782002359?
3, 67, 263, 4931
What are the prime factors of 368166058?
2, 13, 37, 382709
What are the prime factors of 96363627?
3, 3767, 8527
List the prime factors of 548985254.
2, 29, 9465263
What are the prime factors of 374688368?
2, 23418023
List the prime factors of 184874655.
3, 5, 7, 19, 92669
List the prime factors of 2250652969.
241, 9338809
What are the prime factors of 1511156363?
103, 127, 115523
List the prime factors of 5679094083.
3, 13, 47, 61, 3907
List the prime factors of 6722325.
3, 5, 23, 433
List the prime factors of 2146742790.
2, 3, 5, 71558093
List the prime factors of 594614110.
2, 5, 59461411
List the prime factors of 35208902.
2, 67, 103, 2551
What are the prime factors of 1184556532?
2, 17, 211, 82559
What are the prime factors of 19909743?
3, 7, 23, 41221
What are the prime factors of 47156746?
2, 7, 13, 19, 1049
List the prime factors of 7159395984.
2, 3, 13, 11473391
List the prime factors of 3112580820.
2, 3, 5, 53, 978799
What are the prime factors of 129300147?
3, 17, 845099
List the prime factors of 3343995602.
2, 199, 8401999
What are the prime factors of 365910731?
4547, 80473
What are the prime factors of 3709219100?
2, 5, 331, 112061
What are the prime factors of 993626168?
2, 103, 149, 8093
List the prime factors of 1082231789.
73, 1181, 12553
What are the prime factors of 323211542?
2, 233, 389, 1783
List the prime factors of 132420629.
11, 12038239
List the prime factors of 1752785793.
3, 11, 37, 41, 1061
What are the prime factors of 192343359?
3, 13, 4931881
What are the prime factors of 359525251?
359525251
What are the prime factors of 43707478?
2, 1103, 19813
List the prime factors of 49666348.
2, 1229, 10103
List the prime factors of 742655033.
19, 83, 487, 967
List the prime factors of 1200993871.
7, 11, 2228189
What are the prime factors of 897514695?
3, 5, 7, 11, 86341
What are the prime factors of 507091105?
5, 37, 2741033
List the prime factors of 245060064.
2, 3, 491, 1733
What are the prime factors of 76253293?
2579, 29567
What are the prime factors of 109835479?
13, 8448883
What are the prime factors of 6723917918?
2, 31, 41, 2645129
List the prime factors of 55232279.
1429, 38651
What are the prime factors of 433187697?
3, 179, 769, 1049
List the prime factors of 1199819024.
2, 43, 1743923
What are the prime factors of 3525362990?
2, 5, 443, 795793
What are the prime factors of 94267779?
3, 31422593
List the prime factors of 140924334.
2, 3, 113, 347, 599
List the prime factors of 381504891.
3, 37, 3436981
List the prime factors of 1600730992.
2, 7, 373, 38317
List the prime factors of 75754652.
2, 17, 1114039
What are the prime factors of 376052147?
487, 772181
What are the prime factors of 18688658?
2, 9344329
List the prime factors of 4133444743.
127, 241, 135049
List the prime factors of 284938999.
389, 732491
What are the prime factors of 1255406390?
2, 5, 7, 107, 167611
List the prime factors of 512717440.
2, 5, 457, 1753
What are the prime factors of 337231694?
2, 168615847
List the prime factors of 106799377.
89, 1199993
List the prime factors of 54498128.
2, 661, 5153
List the prime factors of 3083452657.
23, 5828833
What are 